hat is the greatest common factor of v and 41388?
12
Suppose -168*w - 2240 = -200*w. Calculate the greatest common factor of 1710 and w.
10
Let x be (11 - (-3465)/27)/((-2)/3). Let k = 219 + x. What is the highest common divisor of 110 and k?
10
Suppose -3*u - i = -5*i - 157, 0 = -4*u - 2*i + 224. Let j(f) = f**3 - 5*f**2 + 20*f - 57. Let g be j(6). What is the greatest common divisor of g and u?
11
Let z = 1 - -17. Suppose 14*j - z*j + 720 = 0. Let b = j - 141. What is the highest common factor of 273 and b?
39
Let r(t) = 59*t - 388. Let g be r(8). Calculate the highest common factor of g and 16.
4
Suppose -3*c = -c - 40. Suppose 0 = 7*y - 2095 + 65. What is the greatest common factor of c and y?
10
Suppose -12*a = 97 - 193. Let j be 270/2 + -2 + a + -9. What is the highest common divisor of j and 297?
33
Let x = 2587 - 2328. What is the highest common divisor of 2 and x?
1
Let m(a) = -a**2 - 93*a - 859. Let j be m(-34). What is the greatest common divisor of 74 and j?
37
Let h(t) = -t**3 + 24*t**2 - 57*t + 2. Let s be h(17). Calculate the highest common factor of s and 96.
96
Suppose 93 = x + 84. Suppose -x = c + 5*y - 24, -5*c - y + 147 = 0. Calculate the greatest common divisor of 50 and c.
10
Let c = 1385 - 879. Let g = -338 + c. Let h = -68 + 89. What is the highest common factor of g and h?
21
Let n(p) = -101*p - 4. Let g be n(-2). Let v = 93 + -91. Suppose -v*m - o + 33 = -0*o, -5*m = o - 87. Calculate the greatest common factor of g and m.
18
Let j = 34449 + -19597. Calculate the highest common divisor of 47 and j.
47
Suppose -15*a + 3132 = -24*a. Let d = 424 + a. Calculate the greatest common factor of d and 190.
38
Let k = -979 + 1390. Let i = 459 - k. Suppose 3*o = 7 + 101. Calculate the highest common factor of i and o.
12
Let t = -401 + 2433. What is the greatest common factor of 48 and t?
16
Let g = 87 + -82. Suppose -g*i = -2*a - 13, 7*a = 2*i + 2*a - 1. Calculate the greatest common divisor of 51 and i.
3
Let p be (-10 - (-512)/48) + 118/3. What is the greatest common factor of 480 and p?
40
Suppose -1463 = 6*o + 2497. Let j = o - -894. Calculate the greatest common factor of j and 52.
26
Let v(i) = i**3 + 10*i**2 - 7*i + 10. Let d be v(-9). Calculate the highest common divisor of 440 and d.
22
Suppose 2*l + 50 = 54. Suppose 0*t + 4*t = -l*r, 3*r - 20 = -2*t. Calculate the highest common divisor of 310 and r.
10
Let y(o) = -4 + 6*o + 38 + 2*o - 7*o. Let k be y(-8). Calculate the highest common factor of k and 10.
2
Let s be ((-10)/7)/(2935/(-4109)). Let i = 65 - 31. What is the greatest common factor of s and i?
2
Let k = -43 + 61. Suppose 0 = 4*l - y - 38, 0 = l - 2715*y + 2720*y + 1. What is the greatest common divisor of k and l?
9
Let a(z) = z**2 - 72*z + 827. Let g be a(9). What is the highest common factor of 1118 and g?
26
Let y be 5284/19 - 3/((-285)/(-10)). Let t = y + -271. Calculate the greatest common factor of t and 2.
1
Suppose -3*j + 63 = -87. Suppose 12*s = 3*u - 141, -2*s + 4*s = 14. Calculate the greatest common divisor of u and j.
25
Let l = 71 - 37. Let x = -1019 - -1053. Calculate the greatest common factor of x and l.
34
Suppose 5*q + 2298 = 3*w - 1762, -4*w = -5*q - 5425. Calculate the highest common factor of w and 195.
195
Suppose -5708*y + 5763*y = 123585. Calculate the greatest common factor of 535 and y.
107
Let z(c) = -c**2 + 19*c - 16. Let t be z(18). Suppose 0 = -t*g - 2*g + 100. Suppose -154 = 15*a - 229. What is the greatest common factor of g and a?
5
Suppose 0 = 4*s - 12. Suppose 4*z - 2*w + 2 = 0, -2*z - 1 = s*w + 4. Let h be (z + -2 + 13)*(4 - -4). What is the greatest common divisor of 200 and h?
40
Let m = -2750 + 3663. What is the highest common factor of m and 55?
11
Suppose 11*i = 3*i - 88. Let n(a) = -a**2 - 8*a + 41. Let u be n(i). Calculate the greatest common divisor of u and 68.
4
Suppose 5*n - 9*n + 96 = 0. Let u be -3*4/(-18)*1*n. Let q be 16/(-6)*12/(-4). Calculate the greatest common factor of u and q.
8
Let h(s) = 148*s + 903. Let f be h(-6). What is the greatest common factor of 285 and f?
15
Let o be (824/(-24) + 2)/((-2)/6). Let q = o - 64. What is the greatest common divisor of q and 231?
33
Let a(h) = h**3 - 11*h**2 - 23*h + 1. Let w(v) = v**2 - v + 7. Let x be w(3). Let j be a(x). What is the greatest common factor of j and 24?
8
Suppose 12*b + 163 = 451. What is the highest common divisor of b and 88?
8
Let j = -6392 + 6727. What is the greatest common factor of 10 and j?
5
Let s be (-13 - -296) + (-3)/(-9)*9. Calculate the highest common divisor of s and 154.
22
Suppose 0 = 3*c + 4*m - 192, 0 = c + 23*m - 27*m - 32. Calculate the highest common divisor of c and 14.
14
Let w be (11 + 40/(-3))*-12. Calculate the highest common factor of w and 7546.
14
Suppose 196 + 842 = -4*d - 2*t, -3*d - 4*t = 781. Let c = d + 266. What is the highest common factor of c and 231?
7
Suppose 28*c = 3*p + 33*c + 177, 0 = -5*p - 3*c - 279. Let w be ((-16)/(-6))/((-3)/p). What is the highest common factor of 64 and w?
16
Let f = -6942 + 9794. What is the greatest common factor of f and 184?
92
Let q(h) = -83*h**3 + 14*h**2 + 20*h + 25. Let y be q(-7). Suppose 15*u = -7*u + y. What is the greatest common factor of u and 44?
44
Suppose -307 = -14*m - 209. Let a be 234/(7 + -1) + m. Calculate the greatest common divisor of 23 and a.
23
Let c = 3705 - 2455. What is the highest common factor of 875 and c?
125
Let s(v) = -v**3 - 7*v**2 - 235*v - 1613. Let c be s(-7). What is the greatest common factor of 314 and c?
2
Let b be 97/(4 - 3) + 3. Suppose 7*y - 3*y - 88 = 0. Suppose -5*q = y - 72. Calculate the highest common divisor of q and b.
10
Suppose 0 = -w + 4*w - 6. Suppose 23*x - 26 = 158. What is the highest common factor of w and x?
2
Let g(m) = -m**2 - 20*m + 4. Let y be g(-10). Let p = -15162 + 15318. What is the greatest common factor of y and p?
52
Suppose 143*t - 2790 = 259*t - 134*t. What is the highest common factor of t and 155?
155
Let b = 49515 + -49505. Let r be (5/3 - 1)*3. Calculate the greatest common divisor of r and b.
2
Let b = 22776 - 19542. Calculate the greatest common factor of 594 and b.
66
Let p(t) = 5616*t**2 - 198*t - 198. Let x be p(-1). Calculate the highest common factor of x and 52.
52
Let o be (-1 - 54)*(-1 + 12/30). Let m = -240 + 669. What is the greatest common divisor of o and m?
33
Let o(q) = -q**3 - 12*q**2 + 2*q + 26. Let c be o(-12). Suppose -3*x + 3*h - 45 = -6*x, 0 = 3*x - c*h - 60. What is the greatest common factor of x and 162?
18
Let t be 413/4 + ((-65)/(-20))/(-13). Let h = t + -101. Suppose 9 = -3*u, h*u = 8*m - 7*m - 10. What is the highest common factor of 2 and m?
2
Suppose 0 = -n - 0*n + f, 5*n - 45 = -4*f. What is the highest common divisor of 1315 and n?
5
Let t = -47 - -11. Let o = -8 + 50. Let l = o + t. What is the highest common divisor of 10 and l?
2
Suppose -39*z = -3*z - 3636. Let n = 42 + z. What is the greatest common factor of 91 and n?
13
Let l be (1140/(-399))/((-33)/28 + 1). Let z = 1538 + -1074. Calculate the highest common factor of l and z.
16
Let o(k) = k**3 + 43*k**2 + 224*k + 92. Let g be o(-37). Suppose 20*t - 17*t - 27 = 0. Calculate the highest common factor of g and t.
9
Suppose -48*k = -226*k - 144*k + 10304. What is the highest common divisor of 868 and k?
4
Suppose 116*z = 115*z + 5*d + 606, 1245 = 2*z + d. Calculate the highest common factor of 4623 and z.
69
Let f(a) = 9 - 10 - 2*a - 17. Let y be f(-10). Suppose 4*s = -4*h + 40, y*s - h - 16 = 1. What is the highest common divisor of s and 72?
9
Let b = 41702 - 41682. Suppose 2*g + 5*r - 2*r = -3, -4*g + 5 = -5*r. Suppose 4*j - 2*j - 140 = g. Calculate the greatest common factor of b and j.
10
Suppose k + 2*w = 30, -w - 81 = -2*k - 1. Let h = k + -35. Suppose 8*p = h*p + 40. What is the highest common factor of p and 88?
8
Suppose -3124*n = -3137*n + 78. Calculate the greatest common factor of 1986 and n.
6
Suppose 11*c = -226 + 20862. Calculate the highest common divisor of 154 and c.
14
Let q = -99 + 93. Let s be (592/(-28))/(q/21). What is the highest common factor of 814 and s?
74
Suppose 2*j + 6*d - 3*d - 147 = 0, -2*j = d - 153. Suppose -j = -2*w + 18. Calculate the greatest common divisor of w and 432.
48
Let r = -232331 - -232835. Suppose b - 48 - 7 